{"id":59,"date":"2023-11-08T22:59:19","date_gmt":"2023-11-08T21:59:19","guid":{"rendered":"https:\/\/xn--rzs-vdelem-c7ad95k.com\/?page_id=59"},"modified":"2024-02-15T00:14:37","modified_gmt":"2024-02-14T23:14:37","slug":"elerhetoseg","status":"publish","type":"page","link":"https:\/\/xn--rzs-vdelem-c7ad95k.com\/?page_id=59","title":{"rendered":"Kapcsolatfelv\u00e9tel"},"content":{"rendered":"\r\n<p><em>\ud83d\udcde K\u00f6zponti telefonsz\u00e1munk:<\/em><strong><a href=\"tel:+36204329283\">+36 20 432 9283<\/a><\/strong><em><br \/>\ud83d\udce7E-mail el\u00e9rhet\u0151s\u00e9g\u00fcnk: <\/em><a href=\"mailto:info@\u0151rz\u00e9s-v\u00e9delem.com\">info@\u0151rz\u00e9s-v\u00e9delem.com<\/a><em><br \/>\ud83d\uddfa\ufe0fSz\u00e9khely:\u00a0<a href=\"https:\/\/www.google.hu\/maps\/place\/Szolnok\/@47.18592,20.1915514,14z\/data=!4m6!3m5!1s0x474141123b36bec5:0x400c4290c1e11d0!8m2!3d47.1621355!4d20.1824712!16zL20vMDN6bnBo?entry=ttu\">Szolnok, Hor\u00e1nszky \u00fat 12.\u00a0 Hungary, J\u00e1sz-Nagykun-Szolnok V\u00e1rmegye<\/a><\/em><\/p>\r\n\r\n\r\n\r\n<div class=\"wp-block-ive-google-map aligncenter ive_google_map_30c255-31\">\r\n<div id=\"overlay\" style=\"cursor: pointer;\">\u00a0<\/div>\r\n<div id=\"ive-google-map-a430c255-3122-4abb-a1f6-855b9392379a\" class=\"ive-google-map__wrap\"><iframe class=\"ive-google-map__iframe\" style=\"height: 300px; width: 100%; opacity: 1;\" src=\"https:\/\/maps.google.com\/maps?q=Szolnok&amp;t=&amp;z=12&amp;ie=UTF8&amp;iwloc=&amp;output=embed\"><\/iframe><\/div>\r\n<\/div>\r\n\r\n\r\n\r\n<h5 class=\"wp-block-heading has-text-align-center\">MARADJUNK KAPCSOLATBAN EGY\u00c9B K\u00c9RD\u00c9SEI ESET\u00c9N<strong><br \/><br \/>EGYEZTESSEN KONZULT\u00c1CI\u00d3T<\/strong>\u00a0a k\u00f6vetkez\u0151 \u0171rlap kit\u00f6lt\u00e9s\u00e9vel.<\/h5>\r\n\r\n\r\n\r\n<div class=\"wp-block-group is-vertical is-content-justification-center is-layout-flex wp-container-core-group-is-layout-1 wp-block-group-is-layout-flex\">\r\n<div class=\"wp-block-contact-form-7-contact-form-selector\">\n<div class=\"wpcf7 no-js\" id=\"wpcf7-f34-o1\" lang=\"hu-HU\" dir=\"ltr\">\n<div class=\"screen-reader-response\"><p role=\"status\" aria-live=\"polite\" aria-atomic=\"true\"><\/p> <ul><\/ul><\/div>\n<form action=\"\/index.php?rest_route=%2Fwp%2Fv2%2Fpages%2F59#wpcf7-f34-o1\" method=\"post\" class=\"wpcf7-form init\" aria-label=\"Kapcsolatfelv\u00e9teli \u0171rlap\" novalidate=\"novalidate\" data-status=\"init\">\n<div style=\"display: none;\">\n<input type=\"hidden\" name=\"_wpcf7\" value=\"34\" \/>\n<input type=\"hidden\" name=\"_wpcf7_version\" value=\"5.9.8\" \/>\n<input type=\"hidden\" name=\"_wpcf7_locale\" value=\"hu_HU\" \/>\n<input type=\"hidden\" name=\"_wpcf7_unit_tag\" value=\"wpcf7-f34-o1\" \/>\n<input type=\"hidden\" name=\"_wpcf7_container_post\" value=\"0\" \/>\n<input type=\"hidden\" name=\"_wpcf7_posted_data_hash\" value=\"\" \/>\n<\/div>\n<div class=\"uacf7-form-34\"><label> N\u00e9v\n    <span class=\"wpcf7-form-control-wrap\" data-name=\"your-name\"><input size=\"40\" maxlength=\"400\" class=\"wpcf7-form-control wpcf7-text wpcf7-validates-as-required\" autocomplete=\"name\" aria-required=\"true\" aria-invalid=\"false\" value=\"\" type=\"text\" name=\"your-name\" \/><\/span> <\/label>\n\n<label> E-mail c\u00edm\n    <span class=\"wpcf7-form-control-wrap\" data-name=\"your-email\"><input size=\"40\" maxlength=\"400\" class=\"wpcf7-form-control wpcf7-email wpcf7-validates-as-required wpcf7-text wpcf7-validates-as-email\" autocomplete=\"email\" aria-required=\"true\" aria-invalid=\"false\" value=\"\" type=\"email\" name=\"your-email\" \/><\/span> <\/label>\n\n<span class=\"wpcf7-form-control-wrap\" data-name=\"tel-911\"><input size=\"40\" maxlength=\"400\" class=\"wpcf7-form-control wpcf7-tel wpcf7-text wpcf7-validates-as-tel\" aria-invalid=\"false\" value=\"\" type=\"tel\" name=\"tel-911\" \/><\/span>\n\n<label> T\u00e1rgy\n    <span class=\"wpcf7-form-control-wrap\" data-name=\"your-subject\"><input size=\"40\" maxlength=\"400\" class=\"wpcf7-form-control wpcf7-text wpcf7-validates-as-required\" aria-required=\"true\" aria-invalid=\"false\" value=\"\" type=\"text\" name=\"your-subject\" \/><\/span> <\/label>\n\n<label> \u00dczenet (nem k\u00f6telez\u0151)\n    <span class=\"wpcf7-form-control-wrap\" data-name=\"your-message\"><textarea cols=\"40\" rows=\"10\" maxlength=\"2000\" class=\"wpcf7-form-control wpcf7-textarea\" aria-invalid=\"false\" name=\"your-message\"><\/textarea><\/span> <\/label>\n\n\n<input class=\"wpcf7-form-control wpcf7-submit has-spinner\" type=\"submit\" value=\"Bek\u00fcld\u00e9s\" \/><\/div><div class=\"wpcf7-response-output\" aria-hidden=\"true\"><\/div>\n<\/form>\n<\/div>\n<\/div>\r\n<\/div>\r\n\r\n\r\n","protected":false},"excerpt":{"rendered":"<p>\ud83d\udcde K\u00f6zponti telefonsz\u00e1munk:+36 20 432 9283\ud83d\udce7E-mail el\u00e9rhet\u0151s\u00e9g\u00fcnk: info@\u0151rz\u00e9s-v\u00e9delem.com\ud83d\uddfa\ufe0fSz\u00e9khely:\u00a0Szolnok, Hor\u00e1nszky \u00fat 12.\u00a0 Hungary, J\u00e1sz-Nagykun-Szolnok V\u00e1rmegye MARADJUNK KAPCSOLATBAN EGY\u00c9B K\u00c9RD\u00c9SEI ESET\u00c9N EGYEZTESSEN KONZULT\u00c1CI\u00d3T\u00a0a k\u00f6vetkez\u0151 \u0171rlap kit\u00f6lt\u00e9s\u00e9vel.<\/p>\n","protected":false},"author":2,"featured_media":0,"parent":0,"menu_order":0,"comment_status":"closed","ping_status":"closed","template":"","meta":{"ub_ctt_via":"","_eb_attr":"","_regular_price":[],"currency_symbol":[],"_uag_custom_page_level_css":"","_monsterinsights_skip_tracking":false,"_monsterinsights_sitenote_active":false,"_monsterinsights_sitenote_note":"","_monsterinsights_sitenote_category":0,"footnotes":""},"featured_image_src":null,"aioseo_notices":[],"post_slider_layout_featured_media_urls":{"thumbnail":"","post_slider_layout_landscape_large":"","post_slider_layout_portrait_large":"","post_slider_layout_square_large":"","post_slider_layout_landscape":"","post_slider_layout_portrait":"","post_slider_layout_square":"","full":""},"uagb_featured_image_src":{"full":false,"thumbnail":false,"medium":false,"medium_large":false,"large":false,"1536x1536":false,"2048x2048":false,"post_slider_layout_landscape_large":false,"post_slider_layout_portrait_large":false,"post_slider_layout_square_large":false,"post_slider_layout_landscape":false,"post_slider_layout_portrait":false,"post_slider_layout_square":false,"_nx_notification_thumb":false},"uagb_author_info":{"display_name":"fatime","author_link":"https:\/\/xn--rzs-vdelem-c7ad95k.com\/?author=2"},"uagb_comment_info":0,"uagb_excerpt":"\ud83d\udcde K\u00f6zponti telefonsz\u00e1munk:+36 20 432 9283\ud83d\udce7E-mail el\u00e9rhet\u0151s\u00e9g\u00fcnk: info@\u0151rz\u00e9s-v\u00e9delem.com\ud83d\uddfa\ufe0fSz\u00e9khely:\u00a0Szolnok, Hor\u00e1nszky \u00fat 12.\u00a0 Hungary, J\u00e1sz-Nagykun-Szolnok V\u00e1rmegye MARADJUNK KAPCSOLATBAN EGY\u00c9B K\u00c9RD\u00c9SEI ESET\u00c9N EGYEZTESSEN KONZULT\u00c1CI\u00d3T\u00a0a k\u00f6vetkez\u0151 \u0171rlap kit\u00f6lt\u00e9s\u00e9vel.","_links":{"self":[{"href":"https:\/\/xn--rzs-vdelem-c7ad95k.com\/index.php?rest_route=\/wp\/v2\/pages\/59"}],"collection":[{"href":"https:\/\/xn--rzs-vdelem-c7ad95k.com\/index.php?rest_route=\/wp\/v2\/pages"}],"about":[{"href":"https:\/\/xn--rzs-vdelem-c7ad95k.com\/index.php?rest_route=\/wp\/v2\/types\/page"}],"author":[{"embeddable":true,"href":"https:\/\/xn--rzs-vdelem-c7ad95k.com\/index.php?rest_route=\/wp\/v2\/users\/2"}],"replies":[{"embeddable":true,"href":"https:\/\/xn--rzs-vdelem-c7ad95k.com\/index.php?rest_route=%2Fwp%2Fv2%2Fcomments&post=59"}],"version-history":[{"count":9,"href":"https:\/\/xn--rzs-vdelem-c7ad95k.com\/index.php?rest_route=\/wp\/v2\/pages\/59\/revisions"}],"predecessor-version":[{"id":1068,"href":"https:\/\/xn--rzs-vdelem-c7ad95k.com\/index.php?rest_route=\/wp\/v2\/pages\/59\/revisions\/1068"}],"wp:attachment":[{"href":"https:\/\/xn--rzs-vdelem-c7ad95k.com\/index.php?rest_route=%2Fwp%2Fv2%2Fmedia&parent=59"}],"curies":[{"name":"wp","href":"https:\/\/api.w.org\/{rel}","templated":true}]}}